ppose 4*t - 3*q = q - 28, -4*t + 5*q - 32 = 0. Let p(x) = -2*x + 10. Let d(b) = -b + 5. Let n(s) = t*p(s) + 5*d(s). Determine n(4).
-1
Let j = 5 + -3. Let z(s) = -2 + s**3 + 3*s**2 + 3*s - s**j + 2*s - 2*s**3. Determine z(3).
4
Suppose -10 = -4*p + 10. Suppose p*d - 1 - 4 = 0. Let k(w) = -2*w + 0*w + 1 + 3*w. What is k(d)?
2
Let a(d) = d**3 - 10*d**2 + d - 14. Let h be a(10). Let q(l) = l**3 + 4*l**2 - l + 5. Determine q(h).
9
Let c = -6 - -8. Let b(t) = -5*t**3 + t**2 + 2*t - 3. Let x(o) = 4*o**3 - o**2 - o + 2. Let y(u) = 3*b(u) + 4*x(u). Give y(c).
7
Let m(z) = z + 6. Suppose n + 4*n = 0. Let y be m(n). Let u(q) = -q - 5. Determine u(y).
-11
Suppose -2*q + 17 = -3*b, 0 = -0*q - q - b + 1. Let l(f) = 3*f + 1. Give l(q).
13
Let o = 7 + -15. Let t = 4 + o. Let i(u) = u - 1. What is i(t)?
-5
Suppose 5*l - 5*m = -30, -4*l - 4*m + 7*m - 20 = 0. Let u(a) = -a - 1. Calculate u(l).
1
Let a = -5 - -1. Suppose -4*q - 2*p + 0*p - 14 = 0, 5*q + 10 = 5*p. Let h be (-1 + 4)*a/q. Let k(o) = -o**2 + 4*o - 2. Calculate k(h).
-2
Let y(m) = 3 - 4*m**3 + 5*m**3 - 10 + 8 - m**2. Calculate y(1).
1
Let c be ((-10)/4 + 0)*-2. Suppose 18 = 4*a - 2*b, 2*a + 3*b = -3*a - c. Let f(g) be the third derivative of -g**5/60 + g**4/8 + g**3/6 + 32*g**2. Give f(a).
3
Let l(r) = -2*r**2 - 2 + 4 - 2*r - 2*r - 4. Give l(-3).
-8
Let v(k) = -2*k**2 - k - 1. Let f(u) = 7*u**2 + 2*u. Let x(b) = f(b) + 3*v(b). Let o be (-2)/(4/2)*3. Calculate x(o).
9
Let i(f) = -f - 1. Let r(b) = -2*b**2 - b. Let p be r(1). Let s be i(p). Let y be -2 + 2 - 0/s. Let x(w) = -w**3 + w**2 + w + 3. Determine x(y).
3
Let w(q) = 3*q + 7. Let b(c) = c**2 - 2*c - 4. Let p be b(3). Let x be (-1)/((-2)/(-10)) + p. Calculate w(x).
-11
Let o(s) = -s**3 + 2*s**2 + 4*s - 3. Suppose 0 = 2*u + 2. Let y be (1 - u)*(-5)/(-5). Suppose -2*d + 8 = y*d. Give o(d).
5
Let b be 1/1 - (2 - 3). Let l = b + 1. Let w(k) = 0*k + k**2 - 3 + 0*k - l*k. Calculate w(3).
-3
Suppose 8*y - 3*y = -2*v - 15, -4*v + 6 = -2*y. Let l(q) = -q**3 - q**2 - 4*q - 4. What is l(y)?
26
Suppose 0 = 3*i + 2*i. Let o(b) = b**2 + b - 8. Give o(i).
-8
Let l(v) = -v + 2. Let c = -5 - -6. What is l(c)?
1
Suppose -5*r + 2*n - 2 = -6, 3*n - 5 = 2*r. Let c(i) be the first derivative of -2*i**2 - i + i**2 - 3*i + 6*i + 8. Determine c(r).
-2
Let k(d) = 2*d**2 + 70 - d**2 - d + 5*d - 76. Let q be 1*-3*10/6. What is k(q)?
-1
Let i(f) = f + 9. Let o be i(-8). Let q(r) = 3 - o - 7*r**2 - 3. Suppose 0 = 3*c - c + 2. Determine q(c).
-8
Let d(g) be the first derivative of -g**4/12 + 4*g**3/3 - 3*g**2/2 - 3. Let h(r) be the second derivative of d(r). Calculate h(6).
-4
Let x(f) = 5*f + 3. Let g = 7 - 7. Suppose -3*n + 2 - 8 = g. Calculate x(n).
-7
Let b(w) = w**2 - 6*w - 6. Let m be b(7). Let z(g) = 2*g + 8 - 2 - m. Calculate z(-5).
-5
Let a(h) = -3 + h**2 - 2*h - h + 0. Suppose 6*r = d + r - 12, -3*d + 5*r = -16. Suppose -s = 3*s + 20, -9 = d*k + s. Determine a(k).
7
Let l be 9/18 + (-15)/2. Let v be 2/6 + 16/(-3). Let w = v - l. Let g(o) = 3*o - 3. What is g(w)?
3
Let i(g) = -g**2 - 6*g + 1. Let v be 112/(-24)*(-1 - (-5)/2). Give i(v).
-6
Let j(x) = -x**2 - x - 5. Let c(r) = -r**2 - r - 6. Let w(u) = -5*c(u) + 6*j(u). Suppose 0 = 2*l - 13 + 15. Give w(l).
0
Suppose 3*s - 9 = 6*s + 4*u, -4*s - 2*u - 2 = 0. Let g(p) = -9*p**3 + 1. Give g(s).
-8
Let t(q) = q**3 + 2*q**2 + 2*q + 2. Let g(o) = 4*o + 1. Let u be g(-1). What is t(u)?
-13
Let c(z) be the second derivative of 2*z + 0*z**3 - 1/2*z**2 + 0 - 1/5*z**5 + 1/6*z**4. Let u = 2 - 3. Determine c(u).
5
Let p(m) = m - 13. Suppose 4*a = 16 + 24. Let d be p(a). Let y(t) be the third derivative of t**6/120 + t**5/60 - t**4/12 + 2*t**3/3 + t**2. Determine y(d).
-8
Let i(u) = 5*u**3 - 3*u**2 - 3*u - 8. Let m(k) = -11*k**3 + 6*k**2 + 7*k + 17. Let d(g) = 9*i(g) + 4*m(g). Calculate d(3).
-1
Let o(q) = -q**3 + 5*q**2 + 7*q - 3. Let y = -5 + 7. Suppose -6*r + 24 = -y*r. Give o(r).
3
Let m(n) be the second derivative of -n**3/6 - 2*n. Let d be -2 - -1 - (-3 - -2). What is m(d)?
0
Let r(q) be the third derivative of q**6/360 + 7*q**5/120 - q**4/12 - 2*q**2. Let o(b) be the second derivative of r(b). Give o(-5).
-3
Let w(s) be the second derivative of s**4/12 - 7*s**3/6 + 5*s**2/2 - 7*s. Let r = 17 + -11. Let h be 2 + -2*(-9)/r. Calculate w(h).
-5
Let c(r) = -2*r**3 + 4 - 5*r**2 - 2*r + r**3 + r**2. Calculate c(-4).
12
Suppose -2*s = -4*i - 10, s - 13 = 3*i + i. Let p(r) = 2*r + 5. Calculate p(i).
-3
Let f(q) = -q**2 + 6*q. Let p = 17 + -11. Calculate f(p).
0
Let k(n) be the third derivative of -n**5/30 + n**4/8 + 2*n**3/3 - n**2. Let t = 26 + -29. Let d be 99/27 + 2/t. Give k(d).
-5
Let x(j) = j**2 + j - 7. Let a(f) = 2*f**2 + 3*f - 13. Let l = -2 + -3. Let r(p) = l*x(p) + 3*a(p). Calculate r(-4).
-4
Suppose 0*c - 4 = -2*c. Let p(o) = 1 + 3 + 6*o**c - 3 + 2*o. Calculate p(-1).
5
Suppose -3*j = -1 + 25. Let p be -2*12/j + -1. Let u(v) = v**2 - v. Calculate u(p).
2
Let x(p) be the second derivative of -2*p**2 + 1/12*p**4 + 0*p**3 + 0 - 3*p. Let z(t) = t**3 + 4*t**2 - 3. Let s be z(-4). Determine x(s).
5
Let s(k) = -k - 16 - 9 - k. Let f(z) = -z - 12. Let w = 47 - 51. Let q(l) = w*s(l) + 9*f(l). Determine q(-6).
-2
Suppose 0 = 4*u + 22 - 6. Let q(p) be the third derivative of p**6/120 + p**5/15 + p**4/8 + p**3 - 3*p**2. Calculate q(u).
-6
Let z = -31 + 33. Let g(c) be the third derivative of -2*c**z + 0 - 1/6*c**3 - 1/6*c**4 + 1/60*c**5 + 0*c. Calculate g(3).
-4
Let v = 0 + 3. Suppose -v*s = s. Let u(a) be the third derivative of a**4/24 - a**3/2 - a**2. What is u(s)?
-3
Let a(i) be the third derivative of -i**4/24 + i**3/6 - 3*i**2. Give a(3).
-2
Suppose -2*p = -3*s + 24, -6*p + 4*p - 2*s - 4 = 0. Let u(q) be the second derivative of q**4/12 + 4*q**3/3 + 7*q**2/2 + 6*q. Give u(p).
-5
Let l = -3 + 4. Let o(k) = -2*k**2 + 1. Let f be o(l). Let p(n) be the second derivative of n**5/10 + n**4/12 - 3*n. Give p(f).
-1
Let q be 6*(12/9)/4. Let n(o) = -1 + 2*o**2 + 3 + q*o - 1 + 0. Calculate n(-1).
1
Let b(y) = -y**2 + 5*y - 3. Suppose 13 - 5 = 4*w. Let z be (6/4)/(2/4). Suppose w*r - z + 1 = 2*t, t + 13 = 4*r. What is b(r)?
1
Let r(s) = 3*s**2 - 6*s + 5. Let i(f) = 4*f**2 - 6*f + 4. Let t(j) = -2*i(j) + 3*r(j). What is t(7)?
14
Suppose -2 = 2*h + v, 0 = 4*h - v - 0*v - 8. Let t(u) = -13*u**2 + u - 1. Give t(h).
-13
Let v(p) = 3*p - 2. Suppose -6*g + 8*g - 4 = 0. Determine v(g).
4
Let t = 5 - 11. Let p be 3/9 + 2/t. Suppose p*g - 3*g + 15 = 0. Let j(f) = f**2 - 4*f + 3. Determine j(g).
8
Let v(b) = -b**2 - 6*b - 5. Suppose 5*r = 4*i - 16, 0*i = 4*r + i + 17. What is v(r)?
3
Suppose 0*d = 2*d - 4. Let x(a) = a**3 - 4 + 5*a**2 + 6*a**2 + 4*a - 5*a**d. Let n be 45/(-75) - (-22)/(-5). Calculate x(n).
1
Let c(s) = -4*s**2 - 2*s**3 + 68 - 67 + 2*s**2. Let t(n) = 21*n**2. Let o be t(1). Suppose -2*z = -2*f + 12, 5*z + o = -6*f + 2*f. What is c(f)?
-3
Let o(p) = 3 - 7 - 2*p + 2 + 0 + p**2. Let a = -3 - -6. Suppose 3*r = a + 6. What is o(r)?
1
Let b(c) = -c**3 + 7*c**2 - 5*c - 2. Let n = 2 - -3. Suppose -n*t - 3*f + 30 = 0, -5*t + 21 + 9 = 4*f. What is b(t)?
4
Let o = -49 + 45. Let x(k) be the third derivative of 0 - 1/3*k**3 - 5/24*k**4 - 1/60*k**5 + k**2 + 0*k. Calculate x(o).
2
Let l be (-15)/(-2)*(-24)/(-18). Suppose 0 = -2*i + l - 2. Suppose -i = -0*h + h. Let v(j) = -j**2 - 7*j - 5. Give v(h).
7
Let r be 3/((-12)/((-8)/(-2))). Let u(o) be the third derivative of o**5/60 - 2*o**2. What is u(r)?
1
Let o(d) be the first derivative of -d**3/3 - 2*d**2 - 2. Let p be ((-45)/(-6))/3*-2. Calculate o(p).
-5
Let i = 3 + 0. Let y(g) = 6 - i*g - g**2 - 2*g + g - g. Give y(-6).
0
Let h(b) = b + 8. Suppose -3*l + 8 = 2, -4*c + 2 = l. Give h(c).
8
Let l(q) = -q - 2. Let x be -5*(4 - 1 - 2). Let f be l(x). Let k(a) = -a**f - a**2 + 0*a + 3*a**2 + 0 - 2 - 2*a. Give k(2).
-6
Let w(b) be the first derivative of -1 - 5/3*b**3 - 1/4*b**4 - 2*b**2 - 3*b. Give w(-3).
-9
Suppose 5*o = 24 - 4. Let k(i) be the second derivative of -2*i**3/3 + i**2 - 8*i. What is k(o)?
-14
Let q(r) = r**3 + 7*r**2 - 2*r - 9. Let v be q(-7). Let o(y) = 0*y - 2 + 3*y**2 + 3*y - 4*y**3 + 0*y**3 + v*y**3. What is o(-3)?
-11
Let b be (-24)/(-10) + 2/(-5). Let x(d) = -d**b + 0*d + 0*d + 2. Suppose 2*a + 2 = -4*z, z - 6*z = -5*a + 25. Give x(z).
-2
Let j(a) = -3*a**3 + 2*a**2 - a + 2. Let 